{"id":1072,"date":"2018-02-09T12:29:47","date_gmt":"2018-02-09T10:29:47","guid":{"rendered":"http:\/\/www.tahelilled.eu\/?post_type=product&#038;p=1072"},"modified":"2018-03-02T10:36:51","modified_gmt":"2018-03-02T08:36:51","slug":"ylang-ylangi-lohnapurk-liblikas","status":"publish","type":"product","link":"https:\/\/www.tahelilled.eu\/?product=ylang-ylangi-lohnapurk-liblikas","title":{"rendered":"Ylang-ylangi l\u00f5hnapurk (liblikas)"},"content":{"rendered":"<p>Naturaalsed l\u00f5hnaelamused!<br \/>\nKaunis kaanega klaaspurgis sisalduvad kuivatatud roosi\u00f5ie kroonlehed, mis on l\u00f5hnastatud vastavalt kliendi soovile.<br \/>\nTalvisel ajal v\u00e4ga m\u00f5nusad abimehed nii nohuga v\u00f5itlemiseks, stressi maandamiseks v\u00f5i lihtsalt m\u00f5nusa tunde tekitamiseks.<\/p>\n<p>See purk sisaldab ylang-ylangi \u00f5li, mis m\u00f5jub rahustavalt, aitab n\u00e4rvilisuse korral, on toniseeriv ja meelit\u00f5stev.<\/p>\n<p>Purgi k\u00f5rgus koos kaunistusega ca 6-10 cm.<\/p>\n","protected":false},"excerpt":{"rendered":"<p>Naturaalsed l\u00f5hnaelamused! Kaunis kaanega klaaspurgis sisalduvad kuivatatud roosi\u00f5ie kroonlehed, mis on l\u00f5hnastatud vastavalt kliendi soovile. Talvisel ajal v\u00e4ga m\u00f5nusad abimehed nii nohuga v\u00f5itlemiseks, stressi maandamiseks v\u00f5i lihtsalt m\u00f5nusa tunde tekitamiseks. See purk sisaldab ylang-ylangi \u00f5li, mis m\u00f5jub rahustavalt, aitab n\u00e4rvilisuse &hellip; <a href=\"https:\/\/www.tahelilled.eu\/?product=ylang-ylangi-lohnapurk-liblikas\">J\u00e4tka lugemist <span class=\"meta-nav\">&rarr;<\/span><\/a><\/p>\n","protected":false},"featured_media":1073,"comment_status":"open","ping_status":"closed","template":"","meta":[],"product_cat":[40],"product_tag":[],"class_list":{"0":"post-1072","1":"product","2":"type-product","3":"status-publish","4":"has-post-thumbnail","6":"product_cat-kingituseks","8":"first","9":"instock","10":"taxable","11":"shipping-taxable","12":"purchasable","13":"product-type-simple"},"_links":{"self":[{"href":"https:\/\/www.tahelilled.eu\/index.php?rest_route=\/wp\/v2\/product\/1072"}],"collection":[{"href":"https:\/\/www.tahelilled.eu\/index.php?rest_route=\/wp\/v2\/product"}],"about":[{"href":"https:\/\/www.tahelilled.eu\/index.php?rest_route=\/wp\/v2\/types\/product"}],"replies":[{"embeddable":true,"href":"https:\/\/www.tahelilled.eu\/index.php?rest_route=%2Fwp%2Fv2%2Fcomments&post=1072"}],"wp:featuredmedia":[{"embeddable":true,"href":"https:\/\/www.tahelilled.eu\/index.php?rest_route=\/wp\/v2\/media\/1073"}],"wp:attachment":[{"href":"https:\/\/www.tahelilled.eu\/index.php?rest_route=%2Fwp%2Fv2%2Fmedia&parent=1072"}],"wp:term":[{"taxonomy":"product_cat","embeddable":true,"href":"https:\/\/www.tahelilled.eu\/index.php?rest_route=%2Fwp%2Fv2%2Fproduct_cat&post=1072"},{"taxonomy":"product_tag","embeddable":true,"href":"https:\/\/www.tahelilled.eu\/index.php?rest_route=%2Fwp%2Fv2%2Fproduct_tag&post=1072"}],"curies":[{"name":"wp","href":"https:\/\/api.w.org\/{rel}","templated":true}]}}